 = q - -10. Suppose 4*r - i = 3*r. Calculate the remainder when r is divided by 4.
3
Suppose 5*s - 39 = 4*r, 3*s = -5*r - 2*s - 60. Let u = 2 - r. What is the remainder when 23 is divided by u?
10
Let d(u) = u**3 + 6*u**2 + 5*u - 2. Calculate the remainder when 48 is divided by d(-4).
8
Let k(r) = r**3 - 7*r**2 - 7*r + 5. Calculate the remainder when 50 is divided by k(8).
11
Let m be (4/10)/(1/45). Let g be 76/m - 6/27. What is the remainder when 27 is divided by 54/g - (-2)/4?
13
Suppose 2*p + 24 = -0*p. Suppose 2*o + 0*i + 3*i - 43 = 0, 2*o - 61 = 3*i. Let x = p + o. Calculate the remainder when 25 is divided by x.
11
Let o = -112 + 174. Let g(p) = 21*p + 11. What is the remainder when o is divided by g(1)?
30
Let i = -7 + 9. Suppose -3 = i*y - 15. Calculate the remainder when 10 is divided by (-2)/y - 39/(-9).
2
Let k = 6 + 3. What is the remainder when 35 is divided by ((-40)/(-15))/(2/k)?
11
Let s = -4 - -7. Suppose -3*r + s = c - 11, r - 2*c = 0. Calculate the remainder when 2/r*(2 - -42) is divided by 12.
10
What is the remainder when (2 - -1) + 2*-1 is divided by -1*((-14)/10 + (-4)/(-10))?
0
Suppose -5*f = -5*n - 215, 5*f - 6 = -5*n + 229. Calculate the remainder when f is divided by 23.
22
Let s = -10 + 6. Let a = -1 - s. Suppose 0 = -8*b + 3*b - i + 19, a*b + i - 11 = 0. Calculate the remainder when 7 is divided by b.
3
Suppose -3*w + 3*o + 27 = 0, -w + 10 = -4*o - 11. Calculate the remainder when 27 is divided by w.
2
Let p = 1 - -3. Suppose -4*r + 9 = r - 3*q, -p*q + 17 = 3*r. Calculate the remainder when 7 is divided by r.
1
Suppose -4*c + 58 = 6. Let t = 27 + 11. What is the remainder when t is divided by c?
12
Let u(a) = -a**3 + 9*a**2 - 4*a + 10. Calculate the remainder when u(8) is divided by 11.
9
Let f(z) = -z - 1. Let m be f(-6). Let y be (3/(-5))/((-1)/m). Suppose -3*c - w + 41 = -y, -w = -c + 20. Calculate the remainder when 30 is divided by c.
14
Suppose 28 = s + 9. What is the remainder when 56 is divided by s?
18
Suppose 50 = b + b. Let h = b + -14. Calculate the remainder when 42 is divided by h.
9
Let p = 7 - 4. Let s be -1 + 0 + 4 + -2. Suppose p*x - 35 = s. What is the remainder when 35 is divided by x?
11
What is the remainder when 7 is divided by 1 - (0/(-2))/(-6)?
0
Let u = -1 + -1. Let j be 5 - (0 + u/(-2)). Suppose -j*w - 5*s = 3 + 4, 4*w + 2*s = 2. What is the remainder when 3 is divided by w?
1
Let v(s) = -s**2 + 11*s + 6. Suppose -2*a + 3*n = 6*n - 28, -25 = -3*a + 4*n. Calculate the remainder when v(a) is divided by 4.
2
Let f = -19 - -22. Suppose -35 = -5*k - 2*d, -8*k + 35 = -f*k - 4*d. What is the remainder when k is divided by 5?
2
Let w = 72 + -43. What is the remainder when w is divided by 10?
9
Suppose -k = -3*k + 28. Suppose -4*h - 3*r + 334 = h, -h + 76 = -4*r. Calculate the remainder when h is divided by k.
12
Suppose 5*f + 40 = 5*q, q - 5*f = 2*q - 2. Let x(j) = j**2 + 3*j - 5. What is the remainder when x(-6) is divided by q?
6
Let n = -29 + 46. Let p = 71 - n. What is the remainder when p is divided by 14?
12
Let t(r) = r**2 + 9*r + 31. What is the remainder when 20 is divided by t(-5)?
9
Let c(a) = a**3 + 3*a**2 - 3*a. Let w(l) = -l**2 + 6*l + 3. What is the remainder when c(2) is divided by w(5)?
6
Let z(d) = -d - 7. Let u be z(-9). Suppose -2*i + 18 = u*g + 2*i, -4*i = -2*g + 42. Suppose -3*n - g = -4*n. Calculate the remainder when 29 is divided by n.
14
Suppose 28 = 5*h - t, -5*t - 40 = -2*h - 3*h. Let d be (-2)/4 - (-21)/(-6). Let r = 10 - d. Calculate the remainder when r is divided by h.
4
Let a = 29 - 26. What is the remainder when a is divided by 1?
0
Suppose -4*b = 2 - 6. Calculate the remainder when 1*15 + -2*b is divided by 14/8*(7 + -3).
6
Let c = 61 + -10. Let p = 6 - -7. What is the remainder when c is divided by p?
12
Let m(a) = 12 + 19 + 19 + a**2 - a. What is the remainder when m(0) is divided by 17?
16
Let s(v) = v**3 + 9*v**2 + 4*v + 6. What is the remainder when s(-8) is divided by 14?
10
Suppose -7*g - 3*g = -160. Calculate the remainder when 38 is divided by g.
6
Let x(n) = 24*n**2 - n - 1. Let p be x(-1). Let o be 8/p + 50/(-6). Let b = 9 + o. Calculate the remainder when 1 is divided by b.
0
Suppose 3*a = -2*a + 30. Let z be (-24)/20*50/(-3). Suppose p = -p + z. Calculate the remainder when p is divided by a.
4
Suppose 9 + 8 = -d + 5*a, 0 = 5*d - 4*a - 20. What is the remainder when 1/3 + 408/18 is divided by d?
7
Let s = -30 - -32. Suppose -4*k - 5*p = -60, 4*k = p - 5*p + 60. What is the remainder when (-4)/(-5)*k/6 is divided by s?
0
Suppose f + 16 = -1. Let m = -6 - f. Calculate the remainder when 20 is divided by m.
9
Let f(u) = -u**3 - 24*u**2 + 2*u + 55. What is the remainder when 62 is divided by f(-24)?
6
Let y = -51 - -62. What is the remainder when y is divided by 5?
1
Let v(a) = a**2 + 7*a + 4. Let s be v(-7). Suppose 9 = 3*y + 5*t, 15 = -s*t - t. What is the remainder when 22 is divided by y?
6
Suppose 0 = -3*d + t + t + 2, 3*t + 2 = 4*d. Calculate the remainder when 2*6 + 0 - d is divided by 6.
4
Let j = 5 - 5. Suppose j = 4*r - 28 + 152. Let a = 47 + r. What is the remainder when 31 is divided by a?
15
What is the remainder when 49 is divided by (30/(-20))/(6/(-104)) + 0?
23
Let m = 2 + 1. Let n be (m/3 - 1)/1. Suppose n = -s + 5*i + 32, 9 = 3*s - 3*i - 99. Calculate the remainder when s is divided by 19.
18
Let l(g) = -g**2 + g - 6. Let p(k) = -k**2 - 5. Let n(t) = 2*l(t) - 3*p(t). What is the remainder when 9 - 9 - (-20 + -1) is divided by n(-3)?
3
Let f(b) = b**2 + 11*b + 3. Let d be f(-5). Let w = d + 43. Suppose 197*l - 46 = 196*l. Calculate the remainder when l is divided by w.
14
Let k(u) = 3*u. Let m(l) = -l**2 - 8*l + 13. Let z be m(-9). What is the remainder when k(z) is divided by 7?
5
Let x(v) = -2 - v**2 + 5*v - 5*v + v + 4*v. Let a(j) = -j - 4. What is the remainder when x(4) is divided by a(-6)?
0
Suppose 4*m - 166 - 34 = 0. Suppose 134 = 2*c - m. What is the remainder when c is divided by 31?
30
Suppose -2*s = -w + 7, 4*s + 20 = 3*w - 9. Calculate the remainder when w is divided by 9.
6
Let f(y) be the third derivative of 3*y**6/40 - y**5/60 + y**4/24 - y**3/6 + 2*y**2. Let w(a) = 8*a - 1. What is the remainder when w(2) is divided by f(1)?
7
Let z be 1 + (-3 - (-30)/(-1)). Let n = z - -49. What is the remainder when 32 is divided by n?
15
Let v be 21/(-7) + (-6)/(-2). Let o = v - -4. Calculate the remainder when 5 is divided by o.
1
What is the remainder when 112 is divided by 14*(-63)/(-30) - 4/10?
25
Let g be -17 - (0 - 0)/1. Let j = g - -29. What is the remainder when 4069/117 + 4/18 is divided by j?
11
Calculate the remainder when 49 - 3*(-2)/3 is divided by 13.
12
Suppose 4*m = 18 + 14. Suppose m*i - 3*i - 105 = 0. What is the remainder when i is divided by 11?
10
Let u = -14 - -26. What is the remainder when 33 is divided by u?
9
Let c = -7 + 14. Calculate the remainder when 4*7/2 - 2 is divided by c.
5
Let s(y) = -y**3 + y**2 - y + 15. Let i be s(0). Let v = i + -4. What is the remainder when 19 is divided by v?
8
Let i(y) = -2 - 8 - y**3 + 2*y**3 + 8*y**2 + 2*y. What is the remainder when i(-7) is divided by 7?
4
Suppose 2*r = -5*d - 10 + 49, 5*r - 10 = 0. Calculate the remainder when 8 is divided by d.
1
Let g be (9/3)/(2/2). Suppose g*h - 3*t - 30 = 0, -6 - 58 = -4*h - 4*t. Calculate the remainder when 25 is divided by h.
12
Let b be (2/(-5))/(2/(-10)). Suppose 60 = 4*k + b*d, -5*k - 4*d = -0*k - 78. What is the remainder when k is divided by 5?
4
Suppose -3*q + 48 + 0 = 0. Suppose 3*o + 5*t - 17 = 4*t, -2*t - 2 = 0. Calculate the remainder when q is divided by o.
4
What is the remainder when (-4)/14 + 718/14 is divided by 13?
12
Suppose 2*p - 2*d = 124, 0 = -3*p - d + 3*d + 187. Calculate the remainder when p is divided by 17.
12
Suppose y + 5*g - 80 = -4*y, 80 = 5*y - 3*g. What is the remainder when 61 is divided by y?
13
Let s(b) = 6*b**2 + 4*b**2 + 4*b - 8 + b**3 - 5*b**2 + 2*b**2. Suppose 4*p - 9 = 19. What is the remainder when p is divided by s(-6)?
3
Suppose -6*q = -98 - 76. What is the remainder when q is divided by 17?
12
Let l = -1 + 2. Let o(v) = v - 3 + 0*v - l. Calculate the remainder when 14 is divided by o(9).
4
Suppose 3*c = 45 + 51. Calculate the remainder when c is divided by 17.
15
Suppose 0 = -y - 3